e factors of a(i).
2, 3, 7
Let a(r) = -3*r**2 + r - 1. Let z be a(1). Let p(b) = -4*b - 2. What are the prime factors of p(z)?
2, 5
Let g(k) = -25*k - 2. What are the prime factors of g(-5)?
3, 41
Let h = -8 + 22. Suppose -4*k = x, 4*k = -3*x - k + h. Let u(r) = -r**2 + 9*r - 6. What are the prime factors of u(x)?
2
List the prime factors of (-2094)/(-10) + 5 + 110/(-25).
2, 3, 5, 7
Suppose -3*g = -8*g - 155. List the prime factors of g/(-3) - 2/(-3).
11
Suppose 2*k + 1 = -w, 3*k + 5*w - 1 = 1. Let z be (-5)/(0 - k/(-4)). Suppose -4*y = -9*y + 3*c + z, 4 = y - c. List the prime factors of y.
2
Let b = 89 + -44. What are the prime factors of b?
3, 5
Suppose -3*t - 2*p + 305 = -0*p, -2*p = t - 103. What are the prime factors of t?
101
Let l(d) = -7*d. Let n be l(-7). Suppose -50 - n = -3*x. What are the prime factors of x?
3, 11
Let j = -130 - -384. What are the prime factors of j?
2, 127
Let x(l) be the third derivative of l**6/120 - l**5/10 + l**4/24 - l**3/3 - 3*l**2. Let s be x(6). List the prime factors of -1*s/(-2 + 0).
2
Suppose -2*a - 2*a = -1308. Suppose 0*s + 4*s + 333 = 3*v, 4*s = v - a. What are the prime factors of s/(-12) - 2/(-8)?
7
Let z = 37 - 15. List the prime factors of z.
2, 11
Let q = -31 - -52. What are the prime factors of q?
3, 7
Let p = -133 + 282. List the prime factors of p.
149
Suppose 4*b + 53 = 3*l, b - 34 - 9 = -3*l. What are the prime factors of l?
3, 5
Let y = -3 - -5. Let q(w) = 3*w**2 + 5 - w**2 + w**y + 5*w**2 - 7*w - w**3. What are the prime factors of q(7)?
5
Suppose -3*l = y - 29, 2*l + 1 = -4*y + 7. What are the prime factors of l?
11
Let q(z) = z - 2 + z + z**3 + 0*z**3 - 3*z**2 + 2*z. Let d be q(3). Suppose o + 0*o = d. List the prime factors of o.
2, 5
Let r be -5 + 4 + 1 + 1. Let n be (0/(-1))/(0 + r). Suppose 2*s - 3*h - 1 = n, 3*s = -2*h + 3*h + 19. What are the prime factors of s?
2
Let p = 25 - 3. List the prime factors of p.
2, 11
List the prime factors of 2764/10 + (-18)/45.
2, 3, 23
Suppose -4*k = -331 + 75. What are the prime factors of k?
2
Let y(p) = 4*p - 5. Let u be y(-7). Let l be ((-2)/3)/(1/u). Suppose 0 = 3*z - 2*i - 57, 6*i - 2*i - l = -2*z. What are the prime factors of z?
17
Suppose 0 = c - 3*c - 10. Let o be (4 - 3) + 2 + 8. Let u = o + c. List the prime factors of u.
2, 3
Suppose -7*j + 49 = -6*j. List the prime factors of j.
7
Suppose -9 - 11 = -5*y. Suppose -3*h - y*d = -28, 2*d = h - 8 - 8. What are the prime factors of h?
2, 3
Let a = 89 + -5. List the prime factors of a.
2, 3, 7
Suppose 0 = j + 2*j - 12. Suppose 45 = 5*b - j*b. Suppose 5*f - b = 5*r, 0*f - 2*f = 5*r - 18. What are the prime factors of f?
3
Suppose 0 = -k + 26 + 10. What are the prime factors of k?
2, 3
Suppose 5*t = 2*d - 66, d + 0*d + 4*t - 46 = 0. List the prime factors of d.
2, 19
Let d(h) = -185*h**3 - h + 1. Let f be d(1). Let u = f + 119. List the prime factors of ((-2)/(-3))/((-4)/u).
11
Let j(w) = 10*w - 69. What are the prime factors of j(30)?
3, 7, 11
Suppose 0 = o - 43 + 6. What are the prime factors of o?
37
What are the prime factors of 8/12 + (-127)/(-3)?
43
Suppose -3*p + 4*d = 43 + 7, 0 = d - 5. Let v be (-520)/(-25) + (-2)/p. Let g = v + -13. List the prime factors of g.
2
Let z(r) be the first derivative of r**3/3 - r**2 - 2*r + 1. List the prime factors of z(5).
13
Let s(c) = -c**2 + 6*c + 2. Let r be s(6). Suppose 4 + 8 = 3*h. Suppose r*o = 18 - h. List the prime factors of o.
7
Let c(l) = 2*l**2 - 12*l + 8. Let o(n) = 7*n**2 - 2*n - 1. Let i be o(-1). What are the prime factors of c(i)?
2, 5
Suppose 4*h - 3 = -3*b, -2*h - 9 = 5*b - 0. Suppose 4*p - c - 7 = 0, -4*c + 20 = -0. Suppose -p*w + 27 = -h. List the prime factors of w.
2, 5
Let p = 7 - 2. Suppose 4*z - 7 = p. List the prime factors of z.
3
What are the prime factors of (-4 - -5) + (-186)/(3/(-1))?
3, 7
Suppose -2*n = -349 + 57. List the prime factors of n.
2, 73
Let c = -25 - -45. What are the prime factors of c?
2, 5
Let k = -401 + 567. List the prime factors of k.
2, 83
Let h(o) be the third derivative of o**4/24 + 3*o**3/2 + 2*o**2. Let r be h(-5). Suppose -r*v + 73 = 21. What are the prime factors of v?
13
Let i = 9 + -2. Suppose -4*a = -i*a + 45. List the prime factors of a.
3, 5
Let i(n) = -3*n + 1. Suppose 4*f = 4*v - 5 - 3, -3*v = -3. Let c be i(f). Let z = c + -2. What are the prime factors of z?
2
Let j be -21*(-1)/1 + 1. Let m(k) = 3*k + 1. Let i be m(1). Suppose i*t - 30 - j = 0. What are the prime factors of t?
13
Let b = 192 - 84. List the prime factors of b.
2, 3
Suppose 3*m = 12, -4*j - 4*m + 96 = -2*m. Suppose -z = 5*q - 13, 5*q = -z - 3*z + j. Suppose 0 + 15 = z*b. List the prime factors of b.
5
Let o = 249 - 32. What are the prime factors of o?
7, 31
Let s(o) = o - 5. Let k be s(5). Suppose k = 5*b - 6*b + 13. List the prime factors of b.
13
Let f(a) = a**2 - 3*a + 3. Suppose 7*l + g = 3*l + 7, 4*g + 17 = -l. Let r = l - 0. What are the prime factors of f(r)?
3
Let k = -14 - -81. List the prime factors of k.
67
Let h(n) = -n**2 + 15*n - 10. What are the prime factors of h(12)?
2, 13
Suppose 0*y - a - 10 = 5*y, -2*a = -y + 9. Let k = 3 + y. What are the prime factors of k?
2
Let m be (2 - (2 + -4)) + 2. Let k = m + 0. What are the prime factors of k?
2, 3
Suppose d + 3 - 6 = 0. Suppose -2*x + 4 = -5*p, p = -d*p - 4*x + 8. Suppose -4 - 5 = -y + u, p = -4*u + 12. List the prime factors of y.
2, 3
Let k = 9 - -10. Suppose -2*c + 1 = i, -3*c - 2*c + 3*i + k = 0. Suppose -5*v + 21 = 4*q, 0 = 5*q - c*v - 0*v - 18. What are the prime factors of q?
2
Let s(x) = x**3 - 3*x**2 - 3*x. Let b be s(3). Let q = b + 16. What are the prime factors of q?
7
Let j be (0 - -1)*(3 - 0). Suppose 2*z = -0*z + 8. Suppose -z*n + 5 = -j*n. List the prime factors of n.
5
Suppose 4*y + 3 = -5. Let j be 9 - ((-1)/(-1) - 3). What are the prime factors of (-2)/(y/j) - 0?
11
Let l(t) = -13*t + 7. What are the prime factors of l(-4)?
59
Let o = 17 - 5. Let f = 2 + o. What are the prime factors of f?
2, 7
Let v(c) = 4*c**2 + 3*c + 1. What are the prime factors of v(-3)?
2, 7
Let g(b) be the third derivative of -b**5/60 + b**4/3 - b**3/6 + 3*b**2. List the prime factors of g(7).
2, 3
Let y(z) = 5*z**2 - 2*z + 6. What are the prime factors of y(-5)?
3, 47
Let y = 110 + 53. List the prime factors of y.
163
Suppose -3*n = 12, 0*w - 4*w - 4*n + 64 = 0. Suppose d - w = -4*d. What are the prime factors of d?
2
Let q(i) = i**3 - 2*i**2 - 4 - 10*i + 5*i + 1. Let m be q(4). What are the prime factors of m - ((-2 - -4) + 0)?
7
Suppose 0 = -6*x + 3*x. Suppose 3*u + 17 = 2*b, 2*u - 52 = -5*b - 0*u. Suppose 3*q + 3*l - 2 = b, -l - 3 = x. What are the prime factors of q?
7
Suppose -2*n + 66 + 54 = 0. List the prime factors of n.
2, 3, 5
Let x be -5 + -1 - (1 + -4). Let f be (x/(-2))/(10/20). Suppose -6 = -4*q + f*q. What are the prime factors of q?
2, 3
Let p(v) = -v - 2. Let z be p(0). Let r be 1/(-2)*(4 + z). What are the prime factors of r + -1 + 2 + 6?
2, 3
Suppose 0*r + 4*r - 80 = 0. What are the prime factors of r?
2, 5
Let y(c) = 4*c**2 - 2*c - 2. Let n be y(2). Let u = 28 - n. What are the prime factors of u?
2, 3
Let m(u) = -u + 1. Let x be m(-6). Let r be 2/x + 183/21. Suppose -2*i = d - r, -2*d + i + 32 - 14 = 0. List the prime factors of d.
3
Suppose -4*q - 16 = 0, -3*s + 335 = -5*q + 66. List the prime factors of s.
83
Let w be 22/8 - (-15)/60. Suppose -11 = -2*u + u + p, w*p + 3 = 0. What are the prime factors of u?
2, 5
Let b(p) = 10*p + 5. What are the prime factors of b(15)?
5, 31
Suppose 0 = 4*n - 96 + 24. List the prime factors of n.
2, 3
Let p(b) = b**2 + b. Let u = 0 - 4. What are the prime factors of p(u)?
2, 3
Suppose 3 = 3*v - 3. Let c be v/6 - 2/(-3). Suppose -c - 4 = -a. List the prime factors of a.
5
Let x = 151 - 4. Suppose 5*y - x = -4*t, 5*y - 3*t - 129 = -3. What are the prime factors of y?
3
Let c(z) = -z**2 - 9*z - 1. Let y be c(-8). Suppose y*n = 3*n + 52. List the prime factors of n.
13
Let u(a) = -6*a**3 + 2*a - 1. Let y be u(-2). Suppose -2*o + 5*x + y = 0, -3*o - x + 55 = x. What are the prime factors of o?
19
Let m(k) = 167*k**2 + 3*k + 1. Let h be m(-1). List the prime factors of h/(-10)*2/(-3).
11
Suppose -a = c + 2*c - 8, -4*c + 16 = 4*a. Suppose a*u + 2*u = 52. List the prime factors of u.
13
List the prime factors